3*k + 1 + x = 2*d. Calculate h(d).
0
Let m(z) = -z**3 + 3*z**2 + 2*z + 4. Suppose -6 = -3*v + 6. What is m(v)?
-4
Suppose 6 = 2*k + 3*p, -3*k + 4 = -5*p - 5. Let t(m) = 2*m - 1. What is t(k)?
5
Let q = -3 - -2. Let l(t) be the first derivative of 0*t**2 + 1 - 4/3*t**3 + 0*t. Calculate l(q).
-4
Let w be 5/3 + 5/15. Let g(h) = -72*h + w + 72*h - h**2 + h**3. Let j(u) = -u + 4. Let m be j(4). Give g(m).
2
Let b(n) = n**2 - 6*n - 2. Let r(g) = g**3 - 4*g**2 - 2*g + 1. Let x be r(5). Let f = x + -10. Determine b(f).
-2
Let g(k) be the second derivative of -k**3/6 - 3*k**2/2 - 16*k. Give g(3).
-6
Let i(h) be the second derivative of -5*h**3/6 - 3*h**2 + 9*h. Calculate i(-4).
14
Let j(x) = -x**3 + 3*x**2 + 4*x + 1. Let u(n) = -3*n**3 + 1. Suppose 3*g + z + 1 = 2*g, -g - 1 = -3*z. Let s be u(g). Determine j(s).
1
Let t be (-26)/(-4) - 2/4. Let h(m) = -m**3 + 7*m**2 - 8*m + 8. Determine h(t).
-4
Let k(s) = -9*s**2 + 1. Let f(m) = -m**3 + 6*m**2 + m - 5. Let d = -5 - -10. Suppose 0 = -n + d, 2*i = 4*i + n - 17. Let r be f(i). Determine k(r).
-8
Let l(q) = 0*q - 15 - q + 14. Give l(8).
-9
Let k be ((-16)/10)/(6/(-60)). Suppose -2*y = 2*y + k. Let x(i) = -2*i**2 + 3*i - 2. Let b(v) = -3*v**2 + 4*v - 3. Let z(c) = y*x(c) + 3*b(c). What is z(1)?
-2
Let j(a) = -a**2 - 6*a + 3. Suppose -4*u + 3 = 5*d, -3*u + d + 5 = 2*d. Suppose -3*y = u*y + 25. What is j(y)?
8
Suppose 2 = -0*t + t. Let u be (-4 - -9)*t/5. Suppose 2*k = u, -4*f - 5*k + 13 + 0 = 0. Let z(w) = w**3 - 2*w - 1. What is z(f)?
3
Let n = 9/14 + 6/7. Let d(y) be the second derivative of -y + n*y**2 + 0 - 1/12*y**4 + 0*y**3. What is d(0)?
3
Let c(m) be the third derivative of -m**6/120 + 2*m**5/15 + m**4/24 - 11*m**3/6 + 7*m**2. Let k be c(8). Let r(a) = a + 2. Give r(k).
-1
Let v(q) = 5 - 3 + 2*q + 2 - 5. Determine v(2).
3
Let f(v) = -v + 1. Let a be f(-3). Suppose -j - 30 = a*j. Let r(c) = -c - 4. Calculate r(j).
2
Let z(h) = 7*h**3 - 15*h**2 + 9*h + 6. Let c(j) = -6*j**3 + 14*j**2 - 9*j - 6. Let m(b) = -6*c(b) - 5*z(b). Determine m(7).
-29
Let c = -10 - -5. Let x(h) = h - 6. Determine x(c).
-11
Let l be -3*6/(54/(-15)). Let o(i) = 25*i**2 + 2. Let z(m) = -13*m**2 - 1. Let x(u) = l*z(u) + 3*o(u). What is x(-1)?
11
Let g = -16 - -22. Let w = 10 + -4. Suppose -w = 4*a + g. Let v(p) = p**2 + 3*p. Determine v(a).
0
Let y be (-8)/44 - (-48)/22. Let w(l) = -l + 1. Calculate w(y).
-1
Let i be (10/15)/((-4)/30). Let y(j) = j + 1. Calculate y(i).
-4
Let r(q) = -247 + 6*q - 3*q**2 + 243 + 2*q**2. Let n(f) = -f**3 + 4*f**2 + 2*f - 3. Let o be n(4). Calculate r(o).
1
Let x(w) = -10*w**3 - 3 - 1 + 5 - 2*w**2. Let c = -5 - -3. Let h be c/(-8) - 12/(-16). Determine x(h).
-11
Let v(p) = -p**3 - 8*p**2 + 8*p + p**2 + 3*p + 9 - 8*p. What is v(-7)?
-12
Let v(u) be the third derivative of -u**5/60 - u**4/24 + u**2. Let m = 23 + -15. Suppose 0 = 4*l - 2*d + 8, -m*l + 3*l - 13 = -d. Give v(l).
-6
Let b(t) = t**3 + t + 4. Let j be b(0). Let p(y) = -y**3 + 3*y**2 + 3*y. What is p(j)?
-4
Let d(p) = 1. Let v(m) = -m + 12. Let h(r) = -4*d(r) + v(r). What is h(0)?
8
Let d(a) = 30 - 3*a + 2*a - 34 + 2*a. Determine d(0).
-4
Let q(l) = l**2 - 7*l - 5. Let k be q(8). Suppose -g - v + 3 = 0, -6*v + 2*v - 15 = -5*g. Let s(u) = g*u + u + k - 2*u. Calculate s(-5).
-7
Suppose 2*l - 30 = -3*l. Let u be (l/(-5))/((-2)/5). Let f(k) = -k - 3*k**2 + k**3 - 5*k - u + 3*k. Give f(4).
1
Let y(v) = 3*v**2 - 4*v + 1. Let x(b) = -5*b**2 + 7*b - 2. Let g(i) = 4*x(i) + 7*y(i). Suppose -4 = 2*r + 2*c - 0*c, 3*r = -c. Let o = r - -1. What is g(o)?
3
Let q(l) = -l**2 + l + 3. Let w(z) = 2*z**2 - 2*z - 4. Let v(t) = 3*q(t) + 2*w(t). Let x be (2/4)/(3/6). What is v(x)?
1
Let a(h) = h + 21 - 6*h - 2*h + 3*h. Suppose 2*x + 6 = x. Let c(k) = 2*k - 10. Let l(p) = x*a(p) - 13*c(p). Determine l(3).
-2
Suppose 5 = 4*n + 1. Let l(z) = 2*z. Let y be l(n). Let t be ((-40)/(-16))/(y/(-4)). Let b(j) = j - 1. What is b(t)?
-6
Let b = 2 + -6. Let o(r) = -r + 2. Calculate o(b).
6
Let u be -2 + (2 - -2) + -1. Suppose -3*n - h = -5, -5*h - u = 2*n - 0. Let m(w) = n*w - 2 - 2 - w**2 - 6*w. Give m(-4).
-4
Let c(i) = -4 - 10*i + 23*i - 12*i + 5. Determine c(5).
6
Let m(r) = -3*r**2 + 1. Suppose 14 = -2*n - 0*n. Let p = n + 6. Calculate m(p).
-2
Let r(l) = l**2 - 5*l + 1. Let k = -7 + 10. Suppose -7 = k*c - 22. Give r(c).
1
Let o(h) be the first derivative of h**2/2 - 7*h - 1. Let m be ((-8)/16)/((-1)/8). Suppose -m*s + 3 = -21. What is o(s)?
-1
Let f(u) = u**2 + 5*u + 3. Let n be (4 + -3)/((-2)/(-4)). Let c be (-1)/2*(-6 + 0). Suppose 5 = n*i - c*i. Give f(i).
3
Let i(t) = -t**2 - 4*t + 2. Suppose 5*c - 3 = 5*z + 12, -4*c - 8 = 0. What is i(z)?
-3
Let b(d) = -d - 4. Let v = 85 - 85. Determine b(v).
-4
Let a(s) = 1. Let t(l) = l - 2. Let h(o) = -o - 1. Let m be h(0). Let y(p) = m*t(p) - 3*a(p). Calculate y(3).
-4
Let x(s) = -2*s + 6. Let c(h) = -3*h + 7. Let r(g) = 4*c(g) - 5*x(g). Give r(-4).
6
Let b(j) = 6*j + 3. Let r be b(-2). Let c = 8 + r. Let x(q) = 3*q**3 + q**2 - 1. Give x(c).
-3
Let a = 707 - 701. Let c(n) = -7*n**2 + 4*n - 2. Let s(w) = 6*w**2 - 4*w + 1. Let j(z) = -5*c(z) - 6*s(z). Determine j(a).
-8
Suppose -3*d = 2*d. Let o = d + -4. Let a(k) = -k**3 - 4*k**2 - k - 3. Calculate a(o).
1
Let o(u) = 2*u + 3. Let c(q) = -q - 1. Let h(s) = 3*c(s) + o(s). Give h(5).
-5
Let x(r) = r**3 - 4*r**2 - 5*r - 6. Let q(w) = w**3 + 3*w**2 + 2*w + 2. Let n = 0 + -3. Let a be q(n). Let b be (-2)/a + (-9)/(-2). Give x(b).
-6
Let h(j) = j**2 - 5*j - 6. Let r(y) = -3*y**2 + 14*y + 17. Let t(s) = -17*h(s) - 6*r(s). Let d be t(-2). Let u(f) = 3 - f - 2 - d. Determine u(3).
-4
Let g be 2 - (2 + -2)/2. Suppose g*j = 3*j + 2*p - 13, 4*p = -3*j + 29. Let r = j - 5. Let k(d) = -2*d**2 - d + 2. Give k(r).
-4
Suppose -5*z + 2*y + 11 = 3, -4*z + 12 = 4*y. Let r(p) = -p**2. Let q(f) = -f**3 + f**2 - f + 1. Let s(k) = q(k) - 2*r(k). What is s(z)?
3
Let o(j) = j**3 - 3*j**2 + 3*j - 3. Let h be o(3). Let a(x) = x**2 - 6*x - 7. Let n(t) = -t. Let q(b) = -a(b) + 2*n(b). Calculate q(h).
-5
Let p(s) = 2*s - 2. Let i be p(-1). Let m(k) = k - 5. Give m(i).
-9
Let u be -8 + 1 - -1 - -3. Let r(o) = o**2 - 3*o - 1. Let w = 4 - 2. Let k(l) = 2*l**2 - 2*l - 1. Let h(b) = u*k(b) + w*r(b). Calculate h(-1).
-3
Let l(c) = 4*c**3 - 5*c**2 + 2*c - 3. Let p(q) = 7*q**3 - 9*q**2 + 4*q - 6. Let i(a) = -5*l(a) + 3*p(a). Let d = 7 - 5. Calculate i(d).
1
Let j = -7 + 12. Suppose 0 = j*b + 7 + 3. Let n(a) be the first derivative of a**2 + 3*a + 1. What is n(b)?
-1
Let p(f) = f**3 + 10*f**2 + 8*f - 6. Let l be p(-9). Let v(g) = -2*g + 2. Give v(l).
-4
Suppose 4*y = -y + 50. Let z = y + -8. Let d(o) = -o**2 + 2*o - 3. What is d(z)?
-3
Let j(x) = 0*x**2 - 2*x**2 + 0*x**2 + x**2 + 2 + x. Let c be 2/(-2)*(-3 + 3). Give j(c).
2
Let h = -67 + 63. Let f(c) = -3*c + 2. Calculate f(h).
14
Suppose 2*o + 3*o = 0. Let k(g) = -g**2 + 9. Calculate k(o).
9
Suppose -4*n = -4*g - g - 27, 9 = 2*n - g. Let w = n + -5. Let b = -6 - w. Let h(p) = -p**3 - 3*p**2 + 5*p. What is h(b)?
-4
Let z be 44/6 + (-3)/9. Let k = 9 - z. Let j(i) = -6*i. Give j(k).
-12
Let k be (-4)/(-6)*3 - 0. Suppose -4*t - k*h + 11 = h, 0 = -3*t + 5*h + 1. Let n(m) = 2 - 2*m**2 - 3*m - 4 + m**3 - t*m. Determine n(4).
10
Let p(c) be the first derivative of 0*c - 3/2*c**2 - 2. Suppose 0*h + 6 = 2*h. Give p(h).
-9
Let p = 5 - 9. Let z = 1 - p. Suppose 3*d = a + 4, 35 = z*a + 4*d - 2. Let f(l) = l**2 - 5*l - 7. What is f(a)?
-7
Suppose 3*j + 1 + 2 = 3*z, 5*z - j - 1 = 0. Let p(w) = -2*w + 4 - w**2 + w + z*w**2. Give p(0).
4
Let j = 4 - 4. Let z(a) = 0*a**2 - 1 - 4*a**2 - 4*a + j + 3*a**2. Determine z(-4).
-1
Let f(m) be the third derivative of -m**6/120 - m**5/15 + 5*m**4/24 - m**3/6 - m**2 - 48. What is f(-5)?
-1
Suppose -4*l + 47 = 5*u - 2, 4*u = -2*l + 44. Let h(j) = 10*j + 14*j**2 - 2*j - u*j**2 + 4. What is h(-3)?
-11
Let y(z) = z. Let t(j) = -7*j. Let x(a) = 2*t(a) + 6*y(a). Suppose -2*o = -5*s - 17, 4*o - 6 = 3*s + 7. Determine x(o).
-8
Let z(k) = k - 4. Let m(q) = 2*q - 6. Let f(g) = -2*g - 4. Let y be f(-4). Let b be m(y). Give z(b).
-2
Let f(c) be the third derivative of -c**7/1260 - c**6/180 - c**4/24 - 2*c**2. Let u(o) be the second derivative of f(o). Give u(-3).
-6
Suppose -2*m = 3*m + 25. Let h(c) = c**3 + 4*c**2 - 6*c - 4. Give h(m).
1
Let h(w) be the